[INFO] cloning repository https://github.com/Holo-Host/chaperone-key-manager
[INFO] running `Command { std: "git" "-c" "credential.helper=" "-c" "credential.helper=/workspace/cargo-home/bin/git-credential-null" "clone" "--bare" "https://github.com/Holo-Host/chaperone-key-manager" "/workspace/cache/git-repos/https%3A%2F%2Fgithub.com%2FHolo-Host%2Fchaperone-key-manager", kill_on_drop: false }`
[INFO] [stderr] Cloning into bare repository '/workspace/cache/git-repos/https%3A%2F%2Fgithub.com%2FHolo-Host%2Fchaperone-key-manager'...
[INFO] running `Command { std: "git" "rev-parse" "HEAD", kill_on_drop: false }`
[INFO] [stdout] cc4d5398e82d0a97d416b823d832136042fcaf02
[INFO] checking Holo-Host/chaperone-key-manager against master#cfbc6d4cf1acbac5c025acf8ed68929caa551df3 for pr-75494-beta
[INFO] running `Command { std: "git" "clone" "/workspace/cache/git-repos/https%3A%2F%2Fgithub.com%2FHolo-Host%2Fchaperone-key-manager" "/workspace/builds/worker-12/source", kill_on_drop: false }`
[INFO] [stderr] Cloning into '/workspace/builds/worker-12/source'...
[INFO] [stderr] done.
[INFO] validating manifest of git repo https://github.com/Holo-Host/chaperone-key-manager on toolchain cfbc6d4cf1acbac5c025acf8ed68929caa551df3
[INFO] running `Command { std: "/workspace/cargo-home/bin/cargo" "+cfbc6d4cf1acbac5c025acf8ed68929caa551df3" "read-manifest" "--manifest-path" "Cargo.toml", kill_on_drop: false }`
[INFO] started tweaking git repo https://github.com/Holo-Host/chaperone-key-manager
[INFO] finished tweaking git repo https://github.com/Holo-Host/chaperone-key-manager
[INFO] tweaked toml for git repo https://github.com/Holo-Host/chaperone-key-manager written to /workspace/builds/worker-12/source/Cargo.toml
[INFO] crate git repo https://github.com/Holo-Host/chaperone-key-manager already has a lockfile, it will not be regenerated
[INFO] running `Command { std: "/workspace/cargo-home/bin/cargo" "+cfbc6d4cf1acbac5c025acf8ed68929caa551df3" "fetch" "--locked" "--manifest-path" "Cargo.toml", kill_on_drop: false }`
[INFO] [stderr]  Downloading crates ...
[INFO] [stderr]   Downloaded clear_on_drop v0.2.3
[INFO] [stderr]   Downloaded walrus-macro v0.12.0
[INFO] [stderr]   Downloaded wee_alloc v0.4.4
[INFO] [stderr]   Downloaded id-arena v2.2.1
[INFO] [stderr]   Downloaded multipart v0.15.4
[INFO] [stderr]   Downloaded env_logger v0.7.0
[INFO] [stderr]   Downloaded filetime v0.2.7
[INFO] [stderr]   Downloaded buf_redux v0.8.4
[INFO] [stderr]   Downloaded ed25519-dalek v1.0.0-pre.2
[INFO] [stderr]   Downloaded curve25519-dalek v1.2.3
[INFO] [stderr]   Downloaded leb128 v0.2.4
[INFO] [stderr]   Downloaded curl v0.4.25
[INFO] [stderr]   Downloaded wasmparser v0.37.2
[INFO] [stderr]   Downloaded bumpalo v2.6.0
[INFO] [stderr]   Downloaded safemem v0.3.2
[INFO] [stderr]   Downloaded twoway v0.1.8
[INFO] [stderr]   Downloaded mime_guess v1.8.7
[INFO] [stderr]   Downloaded rouille v3.0.0
[INFO] [stderr]   Downloaded walrus v0.12.0
[INFO] [stderr]   Downloaded hcid v0.0.6
[INFO] [stderr]   Downloaded subtle v2.2.1
[INFO] [stderr]   Downloaded wasm-bindgen v0.2.53
[INFO] [stderr]   Downloaded wasm-bindgen-macro-support v0.2.53
[INFO] [stderr]   Downloaded reed-solomon v0.2.1
[INFO] [stderr]   Downloaded js-sys v0.3.30
[INFO] [stderr]   Downloaded strsim v0.9.2
[INFO] [stderr]   Downloaded wasm-bindgen-threads-xform v0.2.53
[INFO] [stderr]   Downloaded wasm-bindgen-wasm-conventions v0.2.53
[INFO] [stderr]   Downloaded wasm-bindgen-wasm-interpreter v0.2.53
[INFO] [stderr]   Downloaded wasm-bindgen-backend v0.2.53
[INFO] [stderr]   Downloaded wasm-bindgen-multi-value-xform v0.2.53
[INFO] [stderr]   Downloaded wasm-bindgen-macro v0.2.53
[INFO] [stderr]   Downloaded wasm-bindgen-anyref-xform v0.2.53
[INFO] [stderr]   Downloaded wasm-webidl-bindings v0.5.0
[INFO] [stderr]   Downloaded curl-sys v0.4.23
[INFO] [stderr]   Downloaded openssl-sys v0.9.51
[INFO] [stderr]   Downloaded wasm-bindgen-shared v0.2.53
[INFO] [stderr]   Downloaded wasm-bindgen-cli-support v0.2.53
[INFO] [stderr]   Downloaded wasm-bindgen-cli v0.2.53
[INFO] running `Command { std: "docker" "create" "-v" "/var/lib/crater-agent-workspace/builds/worker-12/target:/opt/rustwide/target:rw,Z" "-v" "/var/lib/crater-agent-workspace/builds/worker-12/source:/opt/rustwide/workdir:ro,Z" "-v" "/var/lib/crater-agent-workspace/cargo-home:/opt/rustwide/cargo-home:ro,Z" "-v" "/var/lib/crater-agent-workspace/rustup-home:/opt/rustwide/rustup-home:ro,Z" "-e" "SOURCE_DIR=/opt/rustwide/workdir" "-e" "CARGO_TARGET_DIR=/opt/rustwide/target" "-e" "CARGO_HOME=/opt/rustwide/cargo-home" "-e" "RUSTUP_HOME=/opt/rustwide/rustup-home" "-w" "/opt/rustwide/workdir" "-m" "1610612736" "--user" "0:0" "--network" "none" "rustops/crates-build-env@sha256:a636fd89d022f18117e1dc8fb37a0a009933cdbbe082814857f0e2024962d47c" "/opt/rustwide/cargo-home/bin/cargo" "+cfbc6d4cf1acbac5c025acf8ed68929caa551df3" "metadata" "--no-deps" "--format-version=1", kill_on_drop: false }`
[INFO] [stdout] 4a9bcb71e02b38502e9979b4fc7c89620cb111b31e23386e6ff62d01994a1602
[INFO] [stderr] WARNING: Your kernel does not support swap limit capabilities or the cgroup is not mounted. Memory limited without swap.
[INFO] running `Command { std: "docker" "start" "-a" "4a9bcb71e02b38502e9979b4fc7c89620cb111b31e23386e6ff62d01994a1602", kill_on_drop: false }`
[INFO] running `Command { std: "docker" "inspect" "4a9bcb71e02b38502e9979b4fc7c89620cb111b31e23386e6ff62d01994a1602", kill_on_drop: false }`
[INFO] running `Command { std: "docker" "rm" "-f" "4a9bcb71e02b38502e9979b4fc7c89620cb111b31e23386e6ff62d01994a1602", kill_on_drop: false }`
[INFO] [stdout] 4a9bcb71e02b38502e9979b4fc7c89620cb111b31e23386e6ff62d01994a1602
[INFO] running `Command { std: "docker" "create" "-v" "/var/lib/crater-agent-workspace/builds/worker-12/target:/opt/rustwide/target:rw,Z" "-v" "/var/lib/crater-agent-workspace/builds/worker-12/source:/opt/rustwide/workdir:ro,Z" "-v" "/var/lib/crater-agent-workspace/cargo-home:/opt/rustwide/cargo-home:ro,Z" "-v" "/var/lib/crater-agent-workspace/rustup-home:/opt/rustwide/rustup-home:ro,Z" "-e" "SOURCE_DIR=/opt/rustwide/workdir" "-e" "CARGO_TARGET_DIR=/opt/rustwide/target" "-e" "CARGO_INCREMENTAL=0" "-e" "RUST_BACKTRACE=full" "-e" "RUSTFLAGS=--cap-lints=forbid" "-e" "CARGO_HOME=/opt/rustwide/cargo-home" "-e" "RUSTUP_HOME=/opt/rustwide/rustup-home" "-w" "/opt/rustwide/workdir" "-m" "1610612736" "--user" "0:0" "--network" "none" "rustops/crates-build-env@sha256:a636fd89d022f18117e1dc8fb37a0a009933cdbbe082814857f0e2024962d47c" "/opt/rustwide/cargo-home/bin/cargo" "+cfbc6d4cf1acbac5c025acf8ed68929caa551df3" "check" "--frozen" "--all" "--all-targets" "--message-format=json", kill_on_drop: false }`
[INFO] [stdout] fdbe7612659398590eaadbc5701470479e02a3cd6bb9ba431b5d402856d52346
[INFO] [stderr] WARNING: Your kernel does not support swap limit capabilities or the cgroup is not mounted. Memory limited without swap.
[INFO] running `Command { std: "docker" "start" "-a" "fdbe7612659398590eaadbc5701470479e02a3cd6bb9ba431b5d402856d52346", kill_on_drop: false }`
[INFO] [stderr]    Compiling proc-macro2 v1.0.5
[INFO] [stderr]    Compiling typenum v1.11.2
[INFO] [stderr]    Compiling cc v1.0.45
[INFO] [stderr]    Compiling syn v1.0.5
[INFO] [stderr]    Compiling byteorder v1.3.2
[INFO] [stderr]    Compiling log v0.4.8
[INFO] [stderr]    Compiling libc v0.2.62
[INFO] [stderr]    Compiling wasm-bindgen-shared v0.2.53
[INFO] [stderr]    Compiling cfg-if v0.1.10
[INFO] [stderr]    Compiling bumpalo v2.6.0
[INFO] [stderr]    Compiling rand_core v0.4.2
[INFO] [stderr]    Compiling subtle v2.2.1
[INFO] [stderr]    Compiling failure_derive v0.1.6
[INFO] [stderr]    Compiling wasm-bindgen v0.2.53
[INFO] [stderr]     Checking nodrop v0.1.14
[INFO] [stderr]    Compiling wee_alloc v0.4.4
[INFO] [stderr]     Checking constant_time_eq v0.1.4
[INFO] [stdout] error: the legacy LLVM-style asm! syntax is no longer supported
[INFO] [stdout]    --> /opt/rustwide/cargo-home/registry/src/github.com-1ecc6299db9ec823/subtle-2.2.1/src/lib.rs:150:14
[INFO] [stdout]     |
[INFO] [stdout] 150 |     unsafe { asm!("" : "=r"(input) : "0"(input) ) }
[INFO] [stdout]     |              ----^^^^^^^^^^^^^^^^^^^^^^^^^^^^^^^^
[INFO] [stdout]     |              |
[INFO] [stdout]     |              help: replace with: `llvm_asm!`
[INFO] [stdout]     |
[INFO] [stdout]     = note: consider migrating to the new asm! syntax specified in RFC 2873
[INFO] [stdout]     = note: alternatively, switch to llvm_asm! to keep your code working as it is
[INFO] [stdout] 
[INFO] [stdout] 
[INFO] [stdout] error[E0554]: `#![feature]` may not be used on the beta release channel
[INFO] [stdout]   --> /opt/rustwide/cargo-home/registry/src/github.com-1ecc6299db9ec823/subtle-2.2.1/src/lib.rs:12:34
[INFO] [stdout]    |
[INFO] [stdout] 12 | #![cfg_attr(feature = "nightly", feature(asm))]
[INFO] [stdout]    |                                  ^^^^^^^^^^^^
[INFO] [stdout] 
[INFO] [stdout] 
[INFO] [stdout] error[E0554]: `#![feature]` may not be used on the beta release channel
[INFO] [stdout]   --> /opt/rustwide/cargo-home/registry/src/github.com-1ecc6299db9ec823/subtle-2.2.1/src/lib.rs:13:34
[INFO] [stdout]    |
[INFO] [stdout] 13 | #![cfg_attr(feature = "nightly", feature(external_doc))]
[INFO] [stdout]    |                                  ^^^^^^^^^^^^^^^^^^^^^
[INFO] [stdout] 
[INFO] [stdout] 
[INFO] [stdout] error: the legacy LLVM-style asm! syntax is no longer supported
[INFO] [stdout]    --> /opt/rustwide/cargo-home/registry/src/github.com-1ecc6299db9ec823/subtle-2.2.1/src/lib.rs:150:14
[INFO] [stdout]     |
[INFO] [stdout] 150 |     unsafe { asm!("" : "=r"(input) : "0"(input) ) }
[INFO] [stdout]     |              ----^^^^^^^^^^^^^^^^^^^^^^^^^^^^^^^^
[INFO] [stdout]     |              |
[INFO] [stdout]     |              help: replace with: `llvm_asm!`
[INFO] [stdout]     |
[INFO] [stdout]     = note: consider migrating to the new asm! syntax specified in RFC 2873
[INFO] [stdout]     = note: alternatively, switch to llvm_asm! to keep your code working as it is
[INFO] [stdout] 
[INFO] [stdout] 
[INFO] [stdout] error[E0554]: `#![feature]` may not be used on the beta release channel
[INFO] [stdout]   --> /opt/rustwide/cargo-home/registry/src/github.com-1ecc6299db9ec823/subtle-2.2.1/src/lib.rs:12:34
[INFO] [stdout]    |
[INFO] [stdout] 12 | #![cfg_attr(feature = "nightly", feature(asm))]
[INFO] [stdout]    |                                  ^^^^^^^^^^^^
[INFO] [stdout] 
[INFO] [stdout] 
[INFO] [stdout] error[E0554]: `#![feature]` may not be used on the beta release channel
[INFO] [stdout]   --> /opt/rustwide/cargo-home/registry/src/github.com-1ecc6299db9ec823/subtle-2.2.1/src/lib.rs:13:34
[INFO] [stdout]    |
[INFO] [stdout] 13 | #![cfg_attr(feature = "nightly", feature(external_doc))]
[INFO] [stdout]    |                                  ^^^^^^^^^^^^^^^^^^^^^
[INFO] [stdout] 
[INFO] [stdout] 
[INFO] [stdout] error: aborting due to 3 previous errors
[INFO] [stdout] 
[INFO] [stdout] 
[INFO] [stdout] For more information about this error, try `rustc --explain E0554`.
[INFO] [stdout] 
[INFO] [stderr] error: could not compile `subtle`.
[INFO] [stderr] 
[INFO] [stderr] To learn more, run the command again with --verbose.
[INFO] [stderr] warning: build failed, waiting for other jobs to finish...
[INFO] [stdout] error: aborting due to 3 previous errors
[INFO] [stdout] 
[INFO] [stdout] 
[INFO] [stdout] For more information about this error, try `rustc --explain E0554`.
[INFO] [stdout] 
[INFO] [stderr] error: build failed
[INFO] running `Command { std: "docker" "inspect" "fdbe7612659398590eaadbc5701470479e02a3cd6bb9ba431b5d402856d52346", kill_on_drop: false }`
[INFO] running `Command { std: "docker" "rm" "-f" "fdbe7612659398590eaadbc5701470479e02a3cd6bb9ba431b5d402856d52346", kill_on_drop: false }`
[INFO] [stdout] fdbe7612659398590eaadbc5701470479e02a3cd6bb9ba431b5d402856d52346
